 is divided by 6/(-5)*(-10)/1.
9
Suppose 141*o = 142*o - 3. Let p = 6 + -3. Calculate the remainder when p is divided by o.
0
Suppose 20*b = 24*b - 60. Calculate the remainder when 58 is divided by b.
13
Let n(l) be the first derivative of 5*l**3/3 - l**2/2 - l - 1. Let h(w) be the first derivative of n(w). What is the remainder when h(4) is divided by 20?
19
What is the remainder when 13*(-58)/(-12) + 1/6 is divided by 17?
12
Suppose -87 = -3*x + 24. Suppose -117 = -8*v - v. Calculate the remainder when x is divided by v.
11
Suppose 0 = 4*q + q - 75. Let z = 3 + 26. Calculate the remainder when z is divided by q.
14
Let x = -16 - -20. Calculate the remainder when 19 is divided by x.
3
Let b(l) = -l**3 + 10*l**2 - 8*l - 1. What is the remainder when 13 is divided by b(9)?
5
Let w be (-58)/((-6)/(-3)*-1). Suppose 0 = 5*g - 2*u - 115, w = 5*u + 4. Calculate the remainder when g is divided by 13.
12
Let s = 328 - 324. Let m = 8 + -1. Calculate the remainder when m is divided by s.
3
Let g(s) = -s**3 + 3*s + 2. Let v(w) = -6*w + 6 - w**2 + 0*w**2 + 0*w**2. Calculate the remainder when g(-3) is divided by v(-5).
9
Let y = -27 + 40. Suppose -6*u + 3*u + 72 = 0. Suppose u = -z + 2*z - 4*o, o = -3*z + 72. Calculate the remainder when z is divided by y.
11
Let w = 197 + -160. Calculate the remainder when 101 is divided by w.
27
Suppose y + 4*y = 160. What is the remainder when y is divided by 1 - -10 - 0/2?
10
Let k(y) = -2*y + 6. Let r be k(5). Let d(z) = z**3 + 6*z**2 + 5*z - 1. Calculate the remainder when 32 is divided by d(r).
10
Let a(x) = -x**2 - 12*x - 9. What is the remainder when a(-9) is divided by 7?
4
Let n(c) = 3*c**3 - 1. Suppose 2*i - 2*s + 2 = -i, 0 = -5*s + 20. What is the remainder when 67 is divided by n(i)?
21
Let q(g) = -g**3 + g**2 + g + 18. Let b(n) = -n**2 + 12*n - 2. What is the remainder when b(5) is divided by q(0)?
15
Let c(n) = -n**2 + 11*n - 10. Let q(o) = -1 + o**2 - 2 + 4. What is the remainder when c(8) is divided by q(-2)?
4
Let o be 10 - 1/((-3)/(-6)). Suppose -4*m + 29 = 3*l, -5*l + m + 25 = -o. What is the remainder when l is divided by 2?
1
Suppose 3*b = -3*z - 9, -5*b + 32 = -4*z + 2. Let d(o) = 14*o**2 - 1. Let t be d(-1). Let r = t + z. What is the remainder when r is divided by 5?
3
Let r = 201 - 142. Suppose -4*y + r + 61 = 0. Calculate the remainder when y is divided by 8.
6
Let d(q) be the second derivative of q**4 + q**3/2 + q**2 - q. Let k be d(-2). Suppose -4*z = -48 - k. What is the remainder when z is divided by 12?
11
Let x = -134 + 253. What is the remainder when x is divided by 31?
26
Let q = -114 - -120. Calculate the remainder when 11 is divided by q.
5
Let y = 0 - -2. Suppose 5 = -j + y*j. Let v = j - -9. Calculate the remainder when 25 is divided by v.
11
Let n(z) = 2*z**2 - 8*z - 4. Calculate the remainder when n(5) is divided by 2.
0
Let n be 1/3*(-1 - -4). Suppose 3*a - 18 = -6*a. What is the remainder when n + (-6 + 1)/(-1) is divided by a?
0
Let a = -2 - -6. Suppose -3*t - 46 = -a*t. Calculate the remainder when t is divided by ((-1)/(-2))/(2/64).
14
Calculate the remainder when 41 is divided by 24/(-84) + -2 + (-342)/(-21).
13
Suppose 4*z = 3*z + 2. Let o(r) = 4*r + 1. What is the remainder when o(z) is divided by 3?
0
Let f(b) = -b - 5. Suppose -5*k + 8 = 2*j, 5*k + j - 3*j = 12. Calculate the remainder when k is divided by f(-6).
0
Let f(a) = a**3 + 6*a**2 - a + 5. Let c be f(-6). Let v = -3 + c. Calculate the remainder when v is divided by 3.
2
Let a = 53 - 82. Let p = 50 + a. Calculate the remainder when p is divided by 8.
5
Let h(z) = z - 7. Let o be h(7). Suppose o = -6*w + 2*w + 12. Suppose -v = -2*v + 4. What is the remainder when v is divided by w?
1
Suppose -2*x + 54 = -140. Calculate the remainder when x is divided by 20.
17
Suppose -3*n = -145 + 4. Let d = -1 - 1. What is the remainder when n is divided by (-1 + 3)/d*-16?
15
Suppose -5*o - 2*k + 6 = 0, k + 6 + 2 = 3*o. What is the remainder when 36 is divided by 19*(o + -1)*1?
17
Let l = 29 + -26. Let a be 2/((-14)/(-10) - 1). Suppose -l*z = -2*u - a*z + 90, -z - 47 = -u. What is the remainder when u is divided by 16?
14
Suppose 2*p = -p + 48. Let n = 348 + -319. Calculate the remainder when n is divided by p.
13
Let n(s) = -5*s**3 - 4*s**2 - 3*s. Let b be n(-2). Suppose q - 4*q = -b. Suppose 2*m - q - 4 = 0. Calculate the remainder when 13 is divided by m.
6
Let n(p) = -10*p - 4. Calculate the remainder when n(-8) is divided by 10.
6
Suppose 0 = -2*z - 0*z + 28. Calculate the remainder when z is divided by 8.
6
Suppose 10*v - 3*v = 77. Calculate the remainder when (30/4)/(2/8) is divided by v.
8
Suppose 11 = -h + 9. Let j = h + 25. Calculate the remainder when j is divided by 6.
5
Suppose 4 = -m + y - 16, 5*m + 100 = -4*y. Let a be m/(-6)*(-3)/(-2). Suppose -8 - 34 = -t - a*q, -36 = -t + q. Calculate the remainder when t is divided by 10.
7
Suppose -3*q + o + 263 = 0, q + 441 = 6*q - o. What is the remainder when q is divided by 30?
29
Suppose 0 = 2*n - z - 29, -30 = -n - 5*z + 12. Calculate the remainder when 32 is divided by n.
15
Suppose 3*j - 52 = 4*f, 2*j + 0*j + 5*f = 4. Calculate the remainder when 7 is divided by -3*(1 + (-32)/j).
2
What is the remainder when (-4 + -4 + 4 - -32) + 0 is divided by 6?
4
Suppose -1 = i - 15. Let x(p) = 2*p**2 + 2*p - 2. Let s be x(-2). Let u(m) = 13*m + 1. Calculate the remainder when u(s) is divided by i.
13
Suppose 2*a = 19*a - 1632. Calculate the remainder when a is divided by 20.
16
Suppose -5*a + 15 = -2*i, -4*i + 9 = a + 50. What is the remainder when 23 is divided by 4/i + (-310)/(-25)?
11
Let y(p) = p**2 - 3*p - 9. What is the remainder when 35 is divided by y(-3)?
8
Suppose -10 = -0*a - 2*a. Suppose -2*z = s - 26, -a*z - s = 4*s - 70. What is the remainder when 23 is divided by z?
11
Let r = -7 - -11. Suppose -2*u - 3*u + 2*w = -50, -r*u - 4*w + 68 = 0. Calculate the remainder when 34 is divided by u.
10
Suppose -4*x + 2*c = -3*c - 104, 17 = x + c. Calculate the remainder when 82 is divided by x.
19
Let m(d) = -d**3 - d**2 + 3*d + 4. What is the remainder when m(-3) is divided by 8?
5
Calculate the remainder when 26 is divided by -8*6/(-24)*(-7)/(-2).
5
Let h(i) be the second derivative of i**3/6 - i**2/2 + i. Let o = 79 + -77. What is the remainder when o is divided by h(2)?
0
Suppose 6*l = 18*l - 312. What is the remainder when l is divided by 7?
5
Suppose 0 = -5*u + 74 - 9. What is the remainder when 25 is divided by u?
12
Suppose -5*x + 67 = -28. Calculate the remainder when x is divided by 1 - (2 + 0 - 8).
5
Let h = 83 - 62. What is the remainder when 187 is divided by h?
19
Suppose 0 = -3*r - 9, r = 2*q + 3*r - 4. Let a(y) = y**2 - 12*y + 6. What is the remainder when a(13) is divided by q?
4
Suppose -l + 38 = l. Let y(r) = 4*r - 2. Let q be y(3). Suppose 0 = 5*v - 40 - q. What is the remainder when l is divided by v?
9
Let d = -3 + 1. Let a(v) = -v + 2. Calculate the remainder when 6 is divided by a(d).
2
Suppose 180 = 5*w + 5*z, w - z = 2*z + 52. Let c = -27 + w. Suppose -c = -s + 12. What is the remainder when s is divided by 9?
7
Let y = 2 - -16. Suppose -3*d + 4*r - 42 = -8*d, 4*r + 38 = 3*d. Calculate the remainder when y is divided by d.
8
Suppose 0 = -13*o + 17*o - 60. Calculate the remainder when 72 is divided by o.
12
Let o = 8 - 1. Calculate the remainder when 32 is divided by o.
4
Let c = 30 + -18. Let n = 36 - c. What is the remainder when n is divided by 13?
11
Suppose -i + 5*i - 5*o = 84, 3*o - 52 = -4*i. What is the remainder when 46 is divided by i?
14
Let i(d) = d - 4. Let k be i(4). Suppose -15 = -k*x - x. Calculate the remainder when (116/12)/((-1)/(-3)) is divided by x.
14
Suppose z + 107 = 5*d + 14, 2*d - 39 = z. Let j = 14 + 21. Calculate the remainder when j is divided by d.
17
Let q(d) = d - 7. Let o be q(6). What is the remainder when 61 is divided by (6 - (-1 + o))*2?
13
Let h be (-4)/(-14) - 78/(-21). Suppose -65 = -h*y + 31. Calculate the remainder when y is divided by 13.
11
Suppose 4*q = q + 27. Let o(a) = -5*a - 10. Let x be o(-7). Suppose 0*d + 5*d = x. Calculate the remainder when q is divided by d.
4
Let g(y) = -2*y**2 - y + 1. Let b be g(1). What is the remainder when b/(-6) - (-76)/6 is divided by 7?
6
Let z = -129 - -240. What is t